{"id":2638,"date":"2025-03-12T23:00:03","date_gmt":"2025-03-12T23:00:03","guid":{"rendered":"http:\/\/dev-dug.flywheelsites.com\/event\/2025-planting-sensory-garden\/"},"modified":"2025-06-02T00:20:51","modified_gmt":"2025-06-02T00:20:51","slug":"2025-planting-sensory-garden","status":"expired","type":"event_listing","link":"https:\/\/dug.org\/es\/event\/2025-planting-sensory-garden\/","title":{"rendered":"Planting a Sensory Garden"},"content":{"rendered":"<h5><span style=\"color: #ff6600\"><a style=\"color: #ff6600\" href=\"https:\/\/dug.tfaforms.net\/f\/therapeutic-gardening\" target=\"_blank\" rel=\"noopener\">Register Now<\/a><\/span><\/h5>\n<p><em>[Espa\u00f1ol a continuaci\u00f3n]\u00a0<\/em><\/p>\n<p>Sensory gardens are thoughtfully designed to engage the senses\u2014touch, smell, sound, sight, and taste\u2014offering visitors a unique and therapeutic way to connect with nature. In this workshop, we\u2019ll delve into the many benefits of sensory gardens, introduce plants that inspire wonder and curiosity, and provide practical design examples for creating sensory spaces in offices or community gardens. These ideas are simple to replicate, making it easy to bring the healing power of sensory gardens to your own space.<\/p>\n<h4>Pricing<\/h4>\n<p>This workshop is pay-what-you-can with a suggested price of $40 (and minimum price of $5)<\/p>\n<div><em>For no-cost registration, email <a href=\"mailto:programs@dug.org\">programs@dug.org<\/a>\u2014 no one will be turned away for lack of funds.<\/em><\/div>\n<div><\/div>\n<div>\n<div><em>If this workshop is full, email <a href=\"mailto:programs@dug.org\">programs@dug.org<\/a> to be added to the waitlist \u2013 if a spot opens up, we will email you ASAP.<\/em><\/div>\n<div><\/div>\n<\/div>\n<hr \/>\n<h3>Sembrando un jard\u00edn sensorial<\/h3>\n<p>Los jardines sensoriales est\u00e1n dise\u00f1ados cuidadosamente para atraer los sentidos (tacto, olfato, o\u00eddo, vista y gusto), ofreciendo a los visitantes una forma \u00fanica y terap\u00e9utica para conectarse con la naturaleza. En este taller, s en los numerosos beneficios de los jardines sensoriales, presentaremos plantas que inspiran maravilla y curiosidad y brindaremos ejemplos pr\u00e1cticos de dise\u00f1o para crear espacios sensoriales en oficinas o jardines comunitarios. Estas ideas son f\u00e1ciles de replicar, lo que facilita llevar el poder curativo de los jardines sensoriales a su propio espacio.<\/p>\n<h4>Precios<\/h4>\n<p>El precio es paga-lo-que-pueda con un precio sugerido de $40 (y precio m\u00ednimo de $5)<\/p>\n<h5><span style=\"color: #ff6600\"><a style=\"color: #ff6600\" href=\"https:\/\/dug.tfaforms.net\/f\/therapeutic-gardening\"><strong>Reg\u00edstrese aqu\u00ed<\/strong><\/a><\/span><\/h5>\n","protected":false},"featured_media":2256,"template":"","meta":{"_acf_changed":false,"_monsterinsights_skip_tracking":false,"_monsterinsights_sitenote_active":false,"_monsterinsights_sitenote_note":"","_monsterinsights_sitenote_category":0},"event_listing_category":[49],"event_listing_type":[59],"class_list":{"0":"post-2638","1":"event_listing","2":"type-event_listing","3":"status-expired","4":"has-post-thumbnail","6":"event_listing_category-education","7":"event_listing_type-therapeutic-gardening"},"acf":[],"aioseo_notices":[],"_links":{"self":[{"href":"https:\/\/dug.org\/es\/wp-json\/wp\/v2\/event_listing\/2638","targetHints":{"allow":["GET"]}}],"collection":[{"href":"https:\/\/dug.org\/es\/wp-json\/wp\/v2\/event_listing"}],"about":[{"href":"https:\/\/dug.org\/es\/wp-json\/wp\/v2\/types\/event_listing"}],"wp:featuredmedia":[{"embeddable":true,"href":"https:\/\/dug.org\/es\/wp-json\/wp\/v2\/media\/2256"}],"wp:attachment":[{"href":"https:\/\/dug.org\/es\/wp-json\/wp\/v2\/media?parent=2638"}],"wp:term":[{"taxonomy":"event_listing_category","embeddable":true,"href":"https:\/\/dug.org\/es\/wp-json\/wp\/v2\/event_listing_category?post=2638"},{"taxonomy":"event_listing_type","embeddable":true,"href":"https:\/\/dug.org\/es\/wp-json\/wp\/v2\/event_listing_type?post=2638"}],"curies":[{"name":"wp","href":"https:\/\/api.w.org\/{rel}","templated":true}]}}

<h5><span style="color: #ff6600"><a style="color: #ff6600" href="https://dug.tfaforms.net/f/therapeutic-gardening" target="_blank" rel="noopener">Register Now</a></span></h5>
<p><em>[Español a continuación] </em></p>
<p>Sensory gardens are thoughtfully designed to engage the senses—touch, smell, sound, sight, and taste—offering visitors a unique and therapeutic way to connect with nature. In this workshop, we’ll delve into the many benefits of sensory gardens, introduce plants that inspire wonder and curiosity, and provide practical design examples for creating sensory spaces in offices or community gardens. These ideas are simple to replicate, making it easy to bring the healing power of sensory gardens to your own space.</p>
<h4>Pricing</h4>
<p>This workshop is pay-what-you-can with a suggested price of $40 (and minimum price of $5)</p>
<div><em>For no-cost registration, email <a href="mailto:programs@dug.org">programs@dug.org</a>— no one will be turned away for lack of funds.</em></div>
<div></div>
<div>
<div><em>If this workshop is full, email <a href="mailto:programs@dug.org">programs@dug.org</a> to be added to the waitlist – if a spot opens up, we will email you ASAP.</em></div>
<div></div>
</div>
<hr />
<h3>Sembrando un jardín sensorial</h3>
<p>Los jardines sensoriales están diseñados cuidadosamente para atraer los sentidos (tacto, olfato, oído, vista y gusto), ofreciendo a los visitantes una forma única y terapéutica para conectarse con la naturaleza. En este taller, s en los numerosos beneficios de los jardines sensoriales, presentaremos plantas que inspiran maravilla y curiosidad y brindaremos ejemplos prácticos de diseño para crear espacios sensoriales en oficinas o jardines comunitarios. Estas ideas son fáciles de replicar, lo que facilita llevar el poder curativo de los jardines sensoriales a su propio espacio.</p>
<h4>Precios</h4>
<p>El precio es paga-lo-que-pueda con un precio sugerido de $40 (y precio mínimo de $5)</p>
<h5><span style="color: #ff6600"><a style="color: #ff6600" href="https://dug.tfaforms.net/f/therapeutic-gardening"><strong>Regístrese aquí</strong></a></span></h5>
