{"id":7467,"date":"2021-11-29T00:00:00","date_gmt":"2021-11-29T00:00:00","guid":{"rendered":"http:\/\/dev-dug.flywheelsites.com\/el-jardin-en-diciembre\/"},"modified":"2025-03-21T20:32:20","modified_gmt":"2025-03-21T20:32:20","slug":"el-jardin-en-diciembre","status":"publish","type":"gardening_resources","link":"https:\/\/dug.org\/es\/gardening-resources\/el-jardin-en-diciembre\/","title":{"rendered":"El jard\u00edn en diciembre"},"content":{"rendered":"[vc_row type=\u00bbin_container\u00bb full_screen_row_position=\u00bbmiddle\u00bb column_margin=\u00bbdefault\u00bb column_direction=\u00bbdefault\u00bb column_direction_tablet=\u00bbdefault\u00bb column_direction_phone=\u00bbdefault\u00bb scene_position=\u00bbcenter\u00bb text_color=\u00bbdark\u00bb text_align=\u00bbleft\u00bb row_border_radius=\u00bbnone\u00bb row_border_radius_applies=\u00bbbg\u00bb overlay_strength=\u00bb0.3&#8243; gradient_direction=\u00bbleft_to_right\u00bb shape_divider_position=\u00bbbottom\u00bb bg_image_animation=\u00bbnone\u00bb shape_type=\u00bb\u00bb][vc_column column_padding=\u00bbno-extra-padding\u00bb column_padding_tablet=\u00bbinherit\u00bb column_padding_phone=\u00bbinherit\u00bb column_padding_position=\u00bbleft-right\u00bb background_color_opacity=\u00bb1&#8243; background_hover_color_opacity=\u00bb1&#8243; column_shadow=\u00bbnone\u00bb column_border_radius=\u00bbnone\u00bb column_link_target=\u00bb_self\u00bb gradient_direction=\u00bbleft_to_right\u00bb overlay_strength=\u00bb0.3&#8243; width=\u00bb1\/1&#8243; tablet_width_inherit=\u00bbdefault\u00bb tablet_text_alignment=\u00bbdefault\u00bb phone_text_alignment=\u00bbdefault\u00bb column_border_width=\u00bbnone\u00bb column_border_style=\u00bbsolid\u00bb bg_image_animation=\u00bbnone\u00bb][vc_column_text]\n<h3>El tiempo de Denver no tiene nada de t\u00edpico, y cada a\u00f1o que pasa parece superar las expectativas en cuanto a sequ\u00eda, calor y otras manifestaciones del cambio clim\u00e1tico.<\/h3>\n<h4>Ahora, m\u00e1s que nunca, es el momento de planificar, prepararnos y desempe\u00f1ar nuestro papel para profundizar nuestra conexi\u00f3n con el poder regenerador de la tierra. Esta tambi\u00e9n es la temporada para que nos centremos en nuestras RA\u00cdCES.<\/h4>\n[\/vc_column_text][\/vc_column][\/vc_row][vc_row type=\u00bbin_container\u00bb full_screen_row_position=\u00bbmiddle\u00bb column_margin=\u00bbdefault\u00bb column_direction=\u00bbdefault\u00bb column_direction_tablet=\u00bbdefault\u00bb column_direction_phone=\u00bbdefault\u00bb scene_position=\u00bbcenter\u00bb top_padding=\u00bb30&#8243; text_color=\u00bbdark\u00bb text_align=\u00bbleft\u00bb row_border_radius=\u00bbnone\u00bb row_border_radius_applies=\u00bbbg\u00bb overlay_strength=\u00bb0.3&#8243; gradient_direction=\u00bbleft_to_right\u00bb shape_divider_position=\u00bbbottom\u00bb bg_image_animation=\u00bbnone\u00bb shape_type=\u00bb\u00bb][vc_column column_padding=\u00bbno-extra-padding\u00bb column_padding_tablet=\u00bbinherit\u00bb column_padding_phone=\u00bbinherit\u00bb column_padding_position=\u00bbleft-right\u00bb background_color_opacity=\u00bb1&#8243; background_hover_color_opacity=\u00bb1&#8243; column_shadow=\u00bbnone\u00bb column_border_radius=\u00bbnone\u00bb column_link_target=\u00bb_self\u00bb gradient_direction=\u00bbleft_to_right\u00bb overlay_strength=\u00bb0.3&#8243; width=\u00bb2\/3&#8243; tablet_width_inherit=\u00bbdefault\u00bb tablet_text_alignment=\u00bbdefault\u00bb phone_text_alignment=\u00bbdefault\u00bb column_border_width=\u00bbnone\u00bb column_border_style=\u00bbsolid\u00bb bg_image_animation=\u00bbnone\u00bb][vc_column_text css=\u00bb.vc_custom_1638298200677{margin-bottom: 50px !important;}\u00bb]\n<h3><span style=\"color: #157f9f;\"><br \/>\n  <strong>R: <\/strong><br \/>\n  <strong>Recuerde <\/strong><br \/>\n<\/span>la pasada temporada de cultivo:<\/h3>\n<ul>\n<li>Hacer un sencillo mapa del jard\u00edn en el que se indique lo que se ha plantado, su ubicaci\u00f3n en el jard\u00edn y las plantas que lo acompa\u00f1an (flores, hierbas arom\u00e1ticas).<\/li>\n<li>Tenga en cuenta los problemas del huerto (calor, insectos, enfermedades, sequ\u00eda).<\/li>\n<li>\u00bfSe utilizaba el jard\u00edn de primavera a oto\u00f1o?<\/li>\n<\/ul>\n<h3><span style=\"color: #157f9f;\"><br \/>\n  <strong>O: <\/strong><br \/>\n  <strong>Organizar <\/strong><br \/>\n<\/span>y limpia las herramientas de jard\u00edn, afila los bordes de podadoras, palas y azadas de jard\u00edn, elimina el \u00f3xido y engrasa los mangos de madera.<\/h3>\n<h3><span style=\"color: #157f9f;\"><br \/>\n  <strong>O: <\/strong><br \/>\n  <strong>Encargue <\/strong><br \/>\n<\/span>semillas frescas si es necesario.<\/h3>\n<p>Normalmente, si se almacenan en un lugar fresco y seco, la mayor\u00eda de las semillas de hortalizas (excepto las de lechuga, cebollas verdes, cebollas de bulbo y puerros, que pierden viabilidad al cabo de varios a\u00f1os) pueden plantarse con \u00e9xito para la pr\u00f3xima temporada. Pida cat\u00e1logos de semillas en diciembre para ampliar su campo de sue\u00f1os. Algunas de sus selecciones favoritas son:<\/p>\n<ul>\n<li><a href=\"http:\/\/www.johnnyseeds.com\" target=\"_blank\" rel=\"noopener noreferrer\" data-cke-saved-href=\"http:\/\/www.johnnyseeds.com\">Semillas seleccionadas de Johnny<\/a><\/li>\n<li><a href=\"http:\/\/www.rareseeds.com\" target=\"_blank\" rel=\"noopener noreferrer\" data-cke-saved-href=\"http:\/\/www.rareseeds.com\">Semillas aut\u00f3ctonas de Baker Creek<\/a><\/li>\n<li><a href=\"http:\/\/territorialseed.com\" target=\"_blank\" rel=\"noopener noreferrer\" data-cke-saved-href=\"http:\/\/territorialseed.com\">Empresa Territorial de Semillas<\/a><\/li>\n<li><a href=\"http:\/\/www.tomatofest.com\" target=\"_blank\" rel=\"noopener noreferrer\" data-cke-saved-href=\"http:\/\/www.tomatofest.com\">Fabulosos tomates<\/a><\/li>\n<\/ul>\n<h3><span style=\"color: #157f9f;\"><br \/>\n  <strong>T: <\/strong><br \/>\n  <strong>Tesoro <\/strong><br \/>\n<\/span>los regalos que trae cada estaci\u00f3n.<\/h3>\n<p>Contin\u00faa:<\/p>\n<ul>\n<li>Cuida el suelo amontonando m\u00e1s hojas o paja sobre las zonas de cultivo, para favorecer el aumento de la materia org\u00e1nica a medida que se descomponen durante el invierno.<\/li>\n<li>Riegue los ajos plantados en oto\u00f1o una vez al mes si no est\u00e1n cubiertos por la nieve.<\/li>\n<li>Riega a fondo esos \u00e1rboles y plantas perennes tan preciados<\/li>\n<\/ul>\n<h3><span style=\"color: #157f9f;\"><br \/>\n  <strong>S: Comparta<\/strong><br \/>\n<\/span> con vecinos, amigos y otras personas de su comunidad los conocimientos que va adquiriendo sobre el huerto y los productos que ha conservado.<\/h3>\n<p>Sobre todo, sepan que a medida que seguimos cultivando nuestras zonas de crecimiento, tambi\u00e9n nos nutrimos de un sentido de prop\u00f3sito y lugar.[\/vc_column_text][\/vc_column][vc_column column_padding=\u00bbpadding-10-percent\u00bb column_padding_tablet=\u00bbinherit\u00bb column_padding_phone=\u00bbinherit\u00bb column_padding_position=\u00bbright\u00bb background_color_opacity=\u00bb1&#8243; background_hover_color_opacity=\u00bb1&#8243; background_image=\u00bb526656&#8243; background_image_position=\u00bbcenter center\u00bb enable_bg_scale=\u00bbtrue\u00bb column_shadow=\u00bbnone\u00bb column_border_radius=\u00bbnone\u00bb column_link_target=\u00bb_self\u00bb gradient_direction=\u00bbleft_to_right\u00bb overlay_strength=\u00bb0.3&#8243; width=\u00bb1\/3&#8243; tablet_width_inherit=\u00bbdefault\u00bb tablet_text_alignment=\u00bbdefault\u00bb phone_text_alignment=\u00bbdefault\u00bb column_border_width=\u00bbnone\u00bb column_border_style=\u00bbsolid\u00bb bg_image_animation=\u00bbnone\u00bb][divider line_type=\u00bbNo Line\u00bb custom_height=\u00bb900&#8243;][\/vc_column][\/vc_row][vc_row type=\u00bbfull_width_content\u00bb full_screen_row_position=\u00bbmiddle\u00bb column_margin=\u00bbdefault\u00bb column_direction=\u00bbdefault\u00bb column_direction_tablet=\u00bbdefault\u00bb column_direction_phone=\u00bbdefault\u00bb bg_color=\u00bb#bad938&#8243; scene_position=\u00bbcenter\u00bb text_color=\u00bbdark\u00bb text_align=\u00bbleft\u00bb row_border_radius=\u00bbnone\u00bb row_border_radius_applies=\u00bbbg\u00bb overlay_strength=\u00bb0.3&#8243; gradient_direction=\u00bbleft_to_right\u00bb shape_divider_position=\u00bbbottom\u00bb bg_image_animation=\u00bbnone\u00bb shape_type=\u00bb\u00bb][vc_column column_padding=\u00bbpadding-2-percent\u00bb column_padding_tablet=\u00bbinherit\u00bb column_padding_phone=\u00bbinherit\u00bb column_padding_position=\u00bball\u00bb background_color_opacity=\u00bb1&#8243; background_hover_color_opacity=\u00bb1&#8243; column_shadow=\u00bbnone\u00bb column_border_radius=\u00bbnone\u00bb column_link_target=\u00bb_self\u00bb gradient_direction=\u00bbleft_to_right\u00bb overlay_strength=\u00bb0.3&#8243; width=\u00bb1\/1&#8243; tablet_width_inherit=\u00bbdefault\u00bb tablet_text_alignment=\u00bbdefault\u00bb phone_text_alignment=\u00bbdefault\u00bb column_border_width=\u00bbnone\u00bb column_border_style=\u00bbsolid\u00bb bg_image_animation=\u00bbnone\u00bb][vc_column_text]\n<h3 style=\"text-align: center;\"><span style=\"color: #ffffff;\">Con\u00e9ctese con otros jardineros y planifique su jard\u00edn de primavera en <a href=\"https:\/\/community.dug.org\">DUG Online<\/a>.<\/span><\/h3>\n[\/vc_column_text][\/vc_column][\/vc_row]\n","protected":false},"featured_media":4700,"template":"","class_list":{"0":"post-7467","1":"gardening_resources","2":"type-gardening_resources","3":"status-publish","4":"has-post-thumbnail","6":"gardening_topic-poesia-de-jardineria","7":"season-invierno"},"acf":[],"aioseo_notices":[],"_links":{"self":[{"href":"https:\/\/dug.org\/es\/wp-json\/wp\/v2\/gardening_resources\/7467","targetHints":{"allow":["GET"]}}],"collection":[{"href":"https:\/\/dug.org\/es\/wp-json\/wp\/v2\/gardening_resources"}],"about":[{"href":"https:\/\/dug.org\/es\/wp-json\/wp\/v2\/types\/gardening_resources"}],"version-history":[{"count":0,"href":"https:\/\/dug.org\/es\/wp-json\/wp\/v2\/gardening_resources\/7467\/revisions"}],"wp:featuredmedia":[{"embeddable":true,"href":"https:\/\/dug.org\/es\/wp-json\/wp\/v2\/media\/4700"}],"wp:attachment":[{"href":"https:\/\/dug.org\/es\/wp-json\/wp\/v2\/media?parent=7467"}],"curies":[{"name":"wp","href":"https:\/\/api.w.org\/{rel}","templated":true}]}}

El jardín en diciembre

[vc_row type=»in_container» full_screen_row_position=»middle» column_margin=»default» column_direction=»default» column_direction_tablet=»default» column_direction_phone=»default» scene_position=»center» text_color=»dark» text_align=»left» row_border_radius=»none» row_border_radius_applies=»bg» overlay_strength=»0.3&#8243; gradient_direction=»left_to_right» shape_divider_position=»bottom» bg_image_animation=»none» shape_type=»»][vc_column column_padding=»no-extra-padding» column_padding_tablet=»inherit» column_padding_phone=»inherit» column_padding_position=»left-right» background_color_opacity=»1&#8243; background_hover_color_opacity=»1&#8243; column_shadow=»none» column_border_radius=»none» column_link_target=»_self» gradient_direction=»left_to_right» overlay_strength=»0.3&#8243; width=»1/1&#8243; tablet_width_inherit=»default» tablet_text_alignment=»default» phone_text_alignment=»default» column_border_width=»none» column_border_style=»solid» bg_image_animation=»none»][vc_column_text]
<h3>El tiempo de Denver no tiene nada de típico, y cada año que pasa parece superar las expectativas en cuanto a sequía, calor y otras manifestaciones del cambio climático.</h3>
<h4>Ahora, más que nunca, es el momento de planificar, prepararnos y desempeñar nuestro papel para profundizar nuestra conexión con el poder regenerador de la tierra. Esta también es la temporada para que nos centremos en nuestras RAÍCES.</h4>
[/vc_column_text][/vc_column][/vc_row][vc_row type=»in_container» full_screen_row_position=»middle» column_margin=»default» column_direction=»default» column_direction_tablet=»default» column_direction_phone=»default» scene_position=»center» top_padding=»30&#8243; text_color=»dark» text_align=»left» row_border_radius=»none» row_border_radius_applies=»bg» overlay_strength=»0.3&#8243; gradient_direction=»left_to_right» shape_divider_position=»bottom» bg_image_animation=»none» shape_type=»»][vc_column column_padding=»no-extra-padding» column_padding_tablet=»inherit» column_padding_phone=»inherit» column_padding_position=»left-right» background_color_opacity=»1&#8243; background_hover_color_opacity=»1&#8243; column_shadow=»none» column_border_radius=»none» column_link_target=»_self» gradient_direction=»left_to_right» overlay_strength=»0.3&#8243; width=»2/3&#8243; tablet_width_inherit=»default» tablet_text_alignment=»default» phone_text_alignment=»default» column_border_width=»none» column_border_style=»solid» bg_image_animation=»none»][vc_column_text css=».vc_custom_1638298200677{margin-bottom: 50px !important;}»]
<h3><span style="color: #157f9f;"><br />
  <strong>R: </strong><br />
  <strong>Recuerde </strong><br />
</span>la pasada temporada de cultivo:</h3>
<ul>
<li>Hacer un sencillo mapa del jardín en el que se indique lo que se ha plantado, su ubicación en el jardín y las plantas que lo acompañan (flores, hierbas aromáticas).</li>
<li>Tenga en cuenta los problemas del huerto (calor, insectos, enfermedades, sequía).</li>
<li>¿Se utilizaba el jardín de primavera a otoño?</li>
</ul>
<h3><span style="color: #157f9f;"><br />
  <strong>O: </strong><br />
  <strong>Organizar </strong><br />
</span>y limpia las herramientas de jardín, afila los bordes de podadoras, palas y azadas de jardín, elimina el óxido y engrasa los mangos de madera.</h3>
<h3><span style="color: #157f9f;"><br />
  <strong>O: </strong><br />
  <strong>Encargue </strong><br />
</span>semillas frescas si es necesario.</h3>
<p>Normalmente, si se almacenan en un lugar fresco y seco, la mayoría de las semillas de hortalizas (excepto las de lechuga, cebollas verdes, cebollas de bulbo y puerros, que pierden viabilidad al cabo de varios años) pueden plantarse con éxito para la próxima temporada. Pida catálogos de semillas en diciembre para ampliar su campo de sueños. Algunas de sus selecciones favoritas son:</p>
<ul>
<li><a href="http://www.johnnyseeds.com" target="_blank" rel="noopener noreferrer" data-cke-saved-href="http://www.johnnyseeds.com">Semillas seleccionadas de Johnny</a></li>
<li><a href="http://www.rareseeds.com" target="_blank" rel="noopener noreferrer" data-cke-saved-href="http://www.rareseeds.com">Semillas autóctonas de Baker Creek</a></li>
<li><a href="http://territorialseed.com" target="_blank" rel="noopener noreferrer" data-cke-saved-href="http://territorialseed.com">Empresa Territorial de Semillas</a></li>
<li><a href="http://www.tomatofest.com" target="_blank" rel="noopener noreferrer" data-cke-saved-href="http://www.tomatofest.com">Fabulosos tomates</a></li>
</ul>
<h3><span style="color: #157f9f;"><br />
  <strong>T: </strong><br />
  <strong>Tesoro </strong><br />
</span>los regalos que trae cada estación.</h3>
<p>Continúa:</p>
<ul>
<li>Cuida el suelo amontonando más hojas o paja sobre las zonas de cultivo, para favorecer el aumento de la materia orgánica a medida que se descomponen durante el invierno.</li>
<li>Riegue los ajos plantados en otoño una vez al mes si no están cubiertos por la nieve.</li>
<li>Riega a fondo esos árboles y plantas perennes tan preciados</li>
</ul>
<h3><span style="color: #157f9f;"><br />
  <strong>S: Comparta</strong><br />
</span> con vecinos, amigos y otras personas de su comunidad los conocimientos que va adquiriendo sobre el huerto y los productos que ha conservado.</h3>
<p>Sobre todo, sepan que a medida que seguimos cultivando nuestras zonas de crecimiento, también nos nutrimos de un sentido de propósito y lugar.[/vc_column_text][/vc_column][vc_column column_padding=»padding-10-percent» column_padding_tablet=»inherit» column_padding_phone=»inherit» column_padding_position=»right» background_color_opacity=»1&#8243; background_hover_color_opacity=»1&#8243; background_image=»526656&#8243; background_image_position=»center center» enable_bg_scale=»true» column_shadow=»none» column_border_radius=»none» column_link_target=»_self» gradient_direction=»left_to_right» overlay_strength=»0.3&#8243; width=»1/3&#8243; tablet_width_inherit=»default» tablet_text_alignment=»default» phone_text_alignment=»default» column_border_width=»none» column_border_style=»solid» bg_image_animation=»none»][divider line_type=»No Line» custom_height=»900&#8243;][/vc_column][/vc_row][vc_row type=»full_width_content» full_screen_row_position=»middle» column_margin=»default» column_direction=»default» column_direction_tablet=»default» column_direction_phone=»default» bg_color=»#bad938&#8243; scene_position=»center» text_color=»dark» text_align=»left» row_border_radius=»none» row_border_radius_applies=»bg» overlay_strength=»0.3&#8243; gradient_direction=»left_to_right» shape_divider_position=»bottom» bg_image_animation=»none» shape_type=»»][vc_column column_padding=»padding-2-percent» column_padding_tablet=»inherit» column_padding_phone=»inherit» column_padding_position=»all» background_color_opacity=»1&#8243; background_hover_color_opacity=»1&#8243; column_shadow=»none» column_border_radius=»none» column_link_target=»_self» gradient_direction=»left_to_right» overlay_strength=»0.3&#8243; width=»1/1&#8243; tablet_width_inherit=»default» tablet_text_alignment=»default» phone_text_alignment=»default» column_border_width=»none» column_border_style=»solid» bg_image_animation=»none»][vc_column_text]
<h3 style="text-align: center;"><span style="color: #ffffff;">Conéctese con otros jardineros y planifique su jardín de primavera en <a href="https://community.dug.org">DUG Online</a>.</span></h3>
[/vc_column_text][/vc_column][/vc_row]
